hat is the highest common divisor of 10 and u?
10
Suppose 5*t - 67 = 3*g, -2*g + 7*g + 9 = t. What is the highest common factor of 882 and t?
14
Let l(f) = -f**3 - 3*f**2 + 5*f - 67. Let w be l(-6). Calculate the greatest common divisor of w and 308.
11
Let v = -351 + 355. Calculate the greatest common factor of 8 and v.
4
Let t be (-7)/7 - (-1 - 2). Suppose 13*w = -t*w + 825. Calculate the highest common divisor of w and 165.
55
Suppose 5*h - 2*x - 2 = 0, 0 = -2*h - 0*x + 5*x - 16. Let i be 6 - (-7 + h - -5). Calculate the greatest common divisor of 18 and i.
6
Let n be 4 + 1 + -2 + 2. Suppose -n*f + 12 = -2*f + m, -6 = -2*m. Calculate the greatest common divisor of 33 and f.
3
Let q(b) = b**2 + 14*b + 51. Let s be q(-6). Let g be (1*s)/((-6)/(-8)). Calculate the highest common divisor of g and 28.
4
Let j = -57 + 56. Let r be (-1 + 3)/(-4*j/34). What is the greatest common factor of r and 85?
17
Suppose -5*x - 2*h + 16 = 0, 5*h + 7 = 2*x - 11. Suppose -x*a = 6 - 50. Calculate the greatest common factor of a and 55.
11
Let h = 22 + -18. Suppose 0 = h*z - 9*z. Suppose z*n = 5*n - 15. What is the greatest common factor of 9 and n?
3
Suppose w = -2*m + 312, -2*m + 113 + 199 = -2*w. Calculate the greatest common divisor of m and 273.
39
Suppose 0 = 6*q - 3*q - 2*g - 21, 17 = q - 4*g. Suppose 0 = 4*f + 2*v - 64, q*f - 16 = v + 57. Calculate the greatest common factor of 20 and f.
5
Let l = 7 - -37. Let m be (-8)/44 - (-1240)/l. What is the highest common factor of 70 and m?
14
Let g be 6/(-10) - 192/30. Let k(m) = m + 10. Let p be k(g). What is the greatest common divisor of p and 27?
3
Let d = 96 - 142. Let a = -36 - d. What is the highest common factor of a and 15?
5
Let u = 44 - 37. Let p be -1*u/((-21)/75). What is the greatest common divisor of 5 and p?
5
Suppose -8*i - 233 + 289 = 0. What is the highest common divisor of 427 and i?
7
Suppose 0 = 7*i - 3*i - 64. Let x be 20/(-3)*(-5 + -1). Calculate the highest common factor of i and x.
8
Suppose -z = -4*z. Suppose -3*c - c + 60 = z. What is the highest common divisor of 105 and c?
15
Suppose -85 = -4*f + 151. Calculate the greatest common divisor of f and 531.
59
Suppose -5098 = -5*p + 2*b, 4*b + 371 + 1665 = 2*p. Calculate the greatest common factor of 68 and p.
68
Let o(g) = 3*g + 17. Let k be o(5). Suppose 3*u - u + 4*b - 32 = 0, -16 = -u - 5*b. What is the greatest common divisor of u and k?
16
Let g(v) = 7*v + 14. Let p be g(-2). Let r be 1/((p + (-4)/(-242))/2). What is the greatest common factor of 11 and r?
11
Let d = -791 - -851. Calculate the greatest common factor of d and 3.
3
Let k be ((-5)/(-2))/(6/12). Suppose k*o - 20 = o. Suppose o*v = 2*v + 27. What is the greatest common factor of v and 36?
9
Let g be (0 - (-2)/3)*3. Let q = -17 + 19. Calculate the highest common divisor of g and q.
2
Suppose -7*b + 40 = -2*b. Suppose -2*x + 8 = -2. Let z be x*-8*3/(-10). What is the highest common divisor of z and b?
4
Let d be ((-17)/(68/40))/(1/(-24)). Calculate the greatest common divisor of d and 150.
30
Let d(k) = -k - 9. Let r be d(0). Let y be 3*(-33)/r - 2. Let g be (1 + -2)/(4/(-144)). What is the greatest common divisor of y and g?
9
Let l = 6 + -6. Suppose l = -5*n + 33 + 52. Let w be (4/(-3))/((-3068)/1020 - -3). What is the highest common divisor of n and w?
17
Let h(v) = -40*v**2 + 3*v - 9. Let r(f) = -79*f**2 + 6*f - 19. Let k(j) = -9*h(j) + 4*r(j). Let o be k(2). Calculate the highest common factor of 7 and o.
7
Let b = 1207 + -1097. Calculate the highest common factor of 22 and b.
22
Let s = 108 + -63. Suppose 0 = -1065*v + 554*v + 530*v - 171. Calculate the greatest common factor of v and s.
9
Let t = -159 - -152. Let x(h) = -9*h - 14. Let s be x(t). Calculate the greatest common divisor of s and 392.
49
Let u be 3*((-17)/(-3) - 1). Suppose 0 = 10*q - u*q + 352. Calculate the highest common factor of q and 8.
8
Suppose 0 = -25*w - 1695 + 7645. Calculate the highest common factor of w and 34.
34
Let k = 114 - 105. What is the highest common divisor of 144 and k?
9
Let t = 41 - -15. Suppose -2*q + t + 12 = 0. What is the highest common divisor of 102 and q?
34
Let u be (-453)/(-9) + -4 + (-2)/(-3). Calculate the greatest common factor of u and 329.
47
Suppose 3*v + 2*x = -3*x - 5, -4*x + 4 = 4*v. Suppose v*j + 4*j = 36. Calculate the highest common factor of j and 28.
4
Suppose q = -g - 9, -2*g + 2*q - 30 = -0*g. Let b = -9 - g. Let p be (12/b)/((-4)/(-6)). What is the greatest common factor of 9 and p?
3
Let y be (8/(-12))/(2/(-12)). Suppose 4*g + g - y*r = 95, 3*g = -5*r + 20. What is the greatest common divisor of g and 3?
3
Suppose -k + 1 + 6 = 0. Let q be (-1)/(k/(-3) - -2). Calculate the greatest common divisor of q and 3.
3
Let n be -11*28/(-10) - (-1)/5. Let f = n + -30. What is the greatest common factor of f and 7?
1
Suppose 3*b - 3 - 22 = 5*x, 7*x - 109 = -3*b. Let p(j) = -j**3 - 5*j**2 + 2*j - 4. Let d be p(-6). Calculate the highest common divisor of d and b.
20
Suppose -3*x - 2 = -5, -113 = -5*o + 2*x. Let l = o + -20. What is the highest common factor of 27 and l?
3
Suppose -5*f + k + 11 = -11, -16 = -3*f + 2*k. Suppose -2*w + 4*x - 22 = -3*w, 4*x = f*w - 128. What is the highest common divisor of w and 210?
30
Suppose 0 = 7*q - 3*q - 20. Suppose -216 = y - q*y. Calculate the highest common factor of y and 135.
27
Let q(o) = -4*o - 10. Let y be q(-5). Calculate the greatest common divisor of 115 and y.
5
Suppose 9*f = 2*r + 10*f - 37, 4*r = -4*f + 84. Suppose 5*m - 3*a = -a + 92, 0 = 4*a - r. What is the greatest common divisor of m and 40?
20
Suppose -27*c + 42 = -25*c. Let j = c - -4. Calculate the greatest common factor of j and 175.
25
Let u be 3/(5/2 + -1). Suppose w = -u*c + 347, 2*w = c + 2*c - 503. What is the highest common divisor of c and 19?
19
Let r be (-937)/(-6) + -1 + 33/(-198). Calculate the greatest common divisor of 62 and r.
31
Let k(j) = 14*j + 449. Let f be k(-14). What is the greatest common factor of 23 and f?
23
Suppose -2*q + n = -70 + 15, n = q - 27. Calculate the greatest common factor of q and 84.
28
Suppose 2*l + 4*i = l + 2, -2*i + 8 = 4*l. Let z be (l + 3)/(-1)*9. Let p be ((-36)/z)/(4/10). Calculate the highest common factor of 2 and p.
2
Let r(a) be the third derivative of -a**4/3 - 6*a**2. Let l be r(-3). Calculate the greatest common factor of l and 8.
8
Let w = 129 + -66. Let t = 1 - 1. Suppose -84 = -2*j - t*j. Calculate the highest common factor of j and w.
21
Suppose 6*i = i + 215. Let t = i - 8. Calculate the highest common divisor of t and 14.
7
Let w = -92 + 158. What is the greatest common divisor of w and 363?
33
Suppose -4*p + 1891 = 3*k + 2*k, -p + 475 = -k. Suppose 4*f + 3*h = -0*h + 928, 2*f - p = h. Calculate the greatest common divisor of 47 and f.
47
Let y = 7 - 21. Let r(b) = b**2 + 12*b - 18. Let o be r(y). What is the greatest common divisor of 15 and o?
5
Suppose 5*j - 1285 = -205. Calculate the highest common factor of 180 and j.
36
Suppose 40*f = 49*f - 117. Let t = -23 + 24. What is the highest common divisor of t and f?
1
Let t(f) = -5*f - 40. Let w be t(-9). Suppose -2*r = 5*x - 4*x - 34, -w*x - 4*r + 152 = 0. What is the highest common factor of x and 21?
7
Let c = 644 - 609. What is the highest common factor of 14 and c?
7
Suppose -3*y + 11*o = 15*o - 3091, 5*y = 2*o + 5143. What is the highest common divisor of y and 42?
21
Let k = -357 + 433. Suppose -d = -3 - 1. What is the highest common factor of d and k?
4
Let r be 4 + (-100)/28 + 92/14. Calculate the greatest common divisor of r and 259.
7
Suppose -6*d + 86 = h, -3*h - d + 6*d = -97. Let m(c) = 6*c - 2. Let o be m(4). Calculate the greatest common factor of o and h.
22
Suppose 1 + 1 = f. Suppose 0*m - f*m = -30. Let p = 4344 + -4239. What is the greatest common factor of p and m?
15
Let g be -2 + 55 + (-1 - -2). Suppose 132 = 5*r - 3*r. Suppose -6 - r = -2*w. What is the greatest common divisor of w and g?
18
Let t be 2472/360 + 12/90. Suppose 5*b = b + 28. What is the highest common divisor of t and b?
7
Let t = -176 - -196. What is the greatest common divisor of t and 20?
20
Let m = -167 - -204. Calculate the greatest common factor of 629 and m.
37
Let x = 82 + 135. Suppose x = 3*t + 181. What is the greatest common divisor of 21 an